
2, 37, 431
List the prime factors of 100.
2, 5
List the prime factors of 2160.
2, 3, 5
What are the prime factors of 189?
3, 7
List the prime factors of 33776.
2, 2111
List the prime factors of 694.
2, 347
What are the prime factors of 4305?
3, 5, 7, 41
List the prime factors of 438.
2, 3, 73
What are the prime factors of 2215?
5, 443
List the prime factors of 23497.
23497
List the prime factors of 2513.
7, 359
List the prime factors of 128059.
79, 1621
What are the prime factors of 139390?
2, 5, 53, 263
What are the prime factors of 9585?
3, 5, 71
List the prime factors of 277.
277
What are the prime factors of 44828?
2, 7, 1601
List the prime factors of 1270.
2, 5, 127
List the prime factors of 5273.
5273
List the prime factors of 11553.
3, 3851
What are the prime factors of 1218?
2, 3, 7, 29
What are the prime factors of 18204?
2, 3, 37, 41
What are the prime factors of 3257?
3257
List the prime factors of 6129.
3, 227
What are the prime factors of 3620?
2, 5, 181
List the prime factors of 14760.
2, 3, 5, 41
What are the prime factors of 30046?
2, 83, 181
List the prime factors of 8499.
3, 2833
What are the prime factors of 2683?
2683
List the prime factors of 3266.
2, 23, 71
What are the prime factors of 502?
2, 251
List the prime factors of 13466.
2, 6733
List the prime factors of 11920.
2, 5, 149
List the prime factors of 1661.
11, 151
List the prime factors of 10708.
2, 2677
What are the prime factors of 394?
2, 197
What are the prime factors of 498?
2, 3, 83
List the prime factors of 21618.
2, 3, 1201
What are the prime factors of 41552?
2, 7, 53
List the prime factors of 106.
2, 53
List the prime factors of 5246.
2, 43, 61
What are the prime factors of 808?
2, 101
List the prime factors of 9756.
2, 3, 271
What are the prime factors of 2789?
2789
List the prime factors of 4116.
2, 3, 7
List the prime factors of 4957.
4957
What are the prime factors of 1429?
1429
What are the prime factors of 11007?
3, 1223
What are the prime factors of 150972?
2, 3, 23, 547
List the prime factors of 2401.
7
List the prime factors of 12626.
2, 59, 107
What are the prime factors of 2745?
3, 5, 61
What are the prime factors of 8457?
3, 2819
What are the prime factors of 196?
2, 7
List the prime factors of 1817.
23, 79
What are the prime factors of 2955?
3, 5, 197
List the prime factors of 14011.
14011
What are the prime factors of 3448?
2, 431
List the prime factors of 4806.
2, 3, 89
What are the prime factors of 18771?
3, 6257
What are the prime factors of 41439?
3, 19, 727
What are the prime factors of 19179?
3, 2131
What are the prime factors of 3433?
3433
What are the prime factors of 1057?
7, 151
List the prime factors of 2499.
3, 7, 17
What are the prime factors of 1480?
2, 5, 37
What are the prime factors of 4616?
2, 577
What are the prime factors of 20984?
2, 43, 61
List the prime factors of 592.
2, 37
What are the prime factors of 12358?
2, 37, 167
What are the prime factors of 10312?
2, 1289
What are the prime factors of 55113?
3, 18371
What are the prime factors of 43072?
2, 673
List the prime factors of 9015.
3, 5, 601
List the prime factors of 9268.
2, 7, 331
List the prime factors of 5606.
2, 2803
List the prime factors of 2491.
47, 53
What are the prime factors of 3806?
2, 11, 173
What are the prime factors of 55633?
55633
What are the prime factors of 59?
59
List the prime factors of 2525.
5, 101
List the prime factors of 3829.
7, 547
What are the prime factors of 596?
2, 149
List the prime factors of 2347.
2347
What are the prime factors of 5818?
2, 2909
List the prime factors of 1068.
2, 3, 89
What are the prime factors of 699?
3, 233
What are the prime factors of 50248?
2, 11, 571
List the prime factors of 18252.
2, 3, 13
List the prime factors of 889.
7, 127
List the prime factors of 217.
7, 31
List the prime factors of 733.
733
List the prime factors of 4552.
2, 569
What are the prime factors of 9644?
2, 2411
List the prime factors of 3407.
3407
What are the prime factors of 9513?
3, 7, 151
What are the prime factors of 17?
17
What are the prime factors of 935?
5, 11, 17
List the prime factors of 23705.
5, 11, 431
What are the prime factors of 4333?
7, 619
List the prime factors of 39591.
3, 53, 83
List the prime factors of 2327.
13, 179
List the prime factors of 3544.
2, 443
List the prime factors of 10553.
61, 173
List the prime factors of 1206.
2, 3, 67
What are the prime factors of 2833?
2833
List the prime factors of 87017.
7, 31, 401
List the prime factors of 320.
2, 5
List the prime factors of 2605.
5, 521
What are the prime factors of 6288?
2, 3, 131
List the prime factors of 2210.
2, 5, 13, 17
What are the prime factors of 1455?
3, 5, 97
List the prime factors of 15506.
2, 7753
List the prime factors of 751.
751
What are the prime factors of 2074?
2, 17, 61
List the prime factors of 24605.
5, 7, 19, 37
What are the prime factors of 10118?
2, 5059
What are the prime factors of 60944?
2, 13, 293
What are the prime factors of 35873?
29, 1237
List the prime factors of 7635.
3, 5, 509
What are the prime factors of 34681?
79, 439
List the prime factors of 119195.
5, 31, 769
What are the prime factors of 5156?
2, 1289
What are the prime factors of 14142?
2, 3, 2357
List the prime factors of 64147.
23, 2789
List the prime factors of 30546.
2, 3, 1697
What are the prime factors of 15382?
2, 7691
List the prime factors of 247.
13, 19
What are the prime factors of 967?
967
What are the prime factors of 966?
2, 3, 7, 23
What are the prime factors of 9583?
7, 37
List the prime factors of 1291.
1291
List the prime factors of 1551.
3, 11, 47
List the prime factors of 215.
5, 43
What are the prime factors of 33651?
3, 3739
What are the prime factors of 1489?
1489
What are the prime factors of 7243?
7243
List the prime factors of 344.
2, 43
List the prime factors of 1787.
1787
List the prime factors of 684.
2, 3, 19
What are the prime factors of 14522?
2, 53, 137
What are the prime factors of 2855?
5, 571
List the prime factors of 7.
7
What are the prime factors of 7790?
2, 5, 19, 41
What are the prime factors of 180?
2, 3, 5
What are the prime factors of 492?
2, 3, 41
List the prime factors of 68045.
5, 31, 439
List the prime factors of 2093.
7, 13, 23
List the prime factors of 46927.
167, 281
List the prime factors of 13041.
3, 7, 23
What are the prime factors of 7454?
2, 3727
List the prime factors of 122842.
2, 17, 3613
What are the prime factors of 73624?
2, 9203
What are the prime factors of 7429?
17, 19, 23
List the prime factors of 42778.
2, 73, 293
What are the prime factors of 4494?
2, 3, 7, 107
What are the prime factors of 1403?
23, 61
What are the prime factors of 3343?
3343
What are the prime factors of 1223?
1223
What are the prime factors of 287?
7, 41
List the prime factors of 13097.
7, 1871
List the prime factors of 4016.
2, 251
What are the prime factors of 122077?
17, 43, 167
List the prime factors of 418.
2, 11, 19
What are the prime factors of 5648?
2, 353
List the prime factors of 2726.
2, 29, 47
What are the prime factors of 2565?
3, 5, 19
List the prime factors of 49533.
3, 11, 19, 79
What are the prime factors of 3428?
2, 857
List the prime factors of 2937.
3, 11, 89
List the prime factors of 20069.
7, 47, 61
What are the prime factors of 68863?
68863
List the prime factors of 4820.
2, 5, 241
What are the prime factors of 84643?
13, 17, 383
What are the prime factors of 3401?
19, 179
What are the prime factors of 5327?
7, 761
List the prime factors of 95.
5, 19
List the prime factors of 2067.
3, 13, 53
What are the prime factors of 55254?
2, 3, 9209
List the prime factors of 763.
7, 109
What are the prime factors of 37763?
11, 3433
List the prime factors of 278.
2, 139
What are the prime factors of 252?
2, 3, 7
What are the prime factors of 10211?
10211
List the prime factors of 36785.
5, 7, 1051
List the prime factors of 33219.
3, 3691
What are the prime factors of 11149?
11149
List the prime factors of 1230.
2, 3, 5, 41
List the prime factors of 363.
3, 11
What are the prime factors of 747?
3, 83
What are the prime factors of 5706?
2, 3, 317
List the prime factors of 1964.
2, 491
List the prime factors of 6069.
3, 7, 17
List the prime factors of 1008.
2, 3, 7
List the prime factors of 6565.
5, 13, 101
What ar